7). Let q be w(g). Is 4/q*1 - (-30774)/18 prime?
True
Suppose -414764 = -23*r + 1605533. Is r a prime number?
False
Let d(a) = 21299*a**2 - a. Let z be d(2). Suppose 35*u = z - 3539. Is u composite?
False
Let o(b) = 15*b - 15. Let f(s) = -7*s + 7. Let w(i) = -5*f(i) - 2*o(i). Let r be w(1). Is (1 + r)/(4/6412) a prime number?
False
Suppose -2*a + 0*a + 179976 = 4*v, -5*v + 224970 = 3*a. Suppose 8*r - v = 2*r. Is r a composite number?
False
Suppose -2*o + 0*q + 2*q = -96, -4*o - q = -197. Suppose 4*p - 4700 = 4*s - 304, 3*p + 5*s - 3257 = 0. Suppose 3*t = o + p. Is t composite?
True
Let o = 1144 + -466. Let p = -456 + o. Suppose p = 3*h - 852. Is h a composite number?
True
Let i = -140 + 146. Suppose 11*r - 9231 = i*r - 2*b, -5539 = -3*r - b. Is r a prime number?
True
Let a(u) = 935*u + 32. Let v(q) = -935*q - 33. Let b(m) = -3*a(m) - 4*v(m). Is b(3) composite?
True
Suppose -20*g = 3*g. Suppose -4*f - 68 + 3472 = g. Is f composite?
True
Suppose -g + 4456 = -5327. Suppose -g = 13*b - 16*b. Is b prime?
False
Suppose 4*u = -0*f - f - 12, -f + 5*u + 24 = 0. Let d(v) = 2*v**3 + 9*v**2 - 3*v + 3. Is d(f) a prime number?
True
Let u(j) = j**3 + 6 + 3903*j - j**2 - 7811*j + 3901*j. Suppose 4*i - 2*c = 22, -4*c = 8 + 4. Is u(i) composite?
True
Let n(x) = 4*x**3 - 170*x**2 - 46*x - 339. Is n(53) prime?
True
Suppose 0 = -2*v - 3*y + 10568, v - y = 2905 + 2394. Let h = 5345 + -7589. Let b = h + v. Is b a prime number?
True
Let f(i) = i**3 + 14*i**2 + 2*i + 29. Let l be f(-14). Let p be (-1)/(2700/2705 - l). Suppose -p = -x + 4*k, 3*k + 1623 = 2*x + x. Is x a prime number?
True
Suppose 21*y - 28*y + 28 = 0. Suppose -4*w + 15*b = 14*b - 30364, -2*w + y*b + 15182 = 0. Is w a prime number?
True
Suppose 2*c - 5*b - 215111 = 0, 154*c - 149*c - 537824 = -3*b. Is c prime?
True
Suppose -700 - 450 = z - 2*c, 1154 = -z + 4*c. Let j = z + -5841. Is j/(-5) + 42/(-105) composite?
True
Is (-1374350)/(-8) - 537/716 a composite number?
False
Let p = -25 + -50. Let b be 2/(5/(p/(-10))). Suppose 8*k - 2*l - 1005 = b*k, -2*k + 2*l = -402. Is k composite?
True
Let o(i) = 703*i**3 + 10*i**2 + 12*i - 131. Is o(8) prime?
True
Suppose -4*s - 12 = -y, 5*y = 3*s - 8*s - 15. Suppose 3*v - 8*v + 30 = y. Let a(j) = j**3 - 6*j**2 + 5*j - 11. Is a(v) prime?
True
Let i(q) = -9*q**3 + q**2 + 2*q. Let b be i(3). Let l be ((-3)/(-24))/((-10)/(-8380))*-4. Let m = b - l. Is m a composite number?
False
Is (467 - 0)/((-8)/(-248)) composite?
True
Let j = 25159 - 12395. Suppose -42*l + 38*l + j = 0. Is l prime?
True
Let b be 66/12*(26/11 - 2). Is (-12)/16 - (39525/(-12) - b) a composite number?
True
Let z = -132 + 132. Let o(p) = -11*p + 9691. Is o(z) composite?
True
Suppose -5*m + 5*d + 10 = 80, 62 = -5*m + d. Let p be (58/m + 4)*-6. Suppose 5*b = 4*f + 106, 5*b = 2*b + p*f + 61. Is b composite?
True
Let q be (12/16)/(1/(-16)). Is 4/q - 320140/(-30) a composite number?
True
Suppose h = -6, r + 64*h - 66*h = 15971. Is r composite?
False
Suppose 0 = 33*p - 28062347 + 7583768. Is p a composite number?
True
Is 2/(-12) + 115656/(-144)*-37 a prime number?
True
Let q(p) = 3*p**3 - 27*p**2 - 8. Let r be q(9). Is 6282/48*6 - (-2)/r a prime number?
False
Let t(r) = -515*r - 13. Let p be t(-9). Suppose -5*a + 20*v + 40 = 22*v, 4*a + 5*v - 49 = 0. Is p/a - (-32)/(-24) a composite number?
False
Is (-1017)/(-6)*524/(-36)*-6 a prime number?
False
Suppose 2*d + 1 = -5. Let s(c) = -126 + 119*c**2 - 2*c + 125 + 5*c. Is s(d) prime?
True
Let q = 340642 + -197033. Is q a composite number?
False
Let p = -62018 - -114012. Is p a prime number?
False
Is 135849 + ((-12)/(-10))/(15/(-100)) prime?
True
Suppose 0 = 10*q - 1167053 + 122463. Is q composite?
False
Let q be (2 - 1)/(5/17275). Suppose q = 8*f - 13*f. Let j = -468 - f. Is j a composite number?
False
Suppose 211*j + 50*j = 2171850 + 4849833. Is j composite?
False
Let m be (-99)/33*(-4)/6. Suppose -m*u = -432 - 182. Is u prime?
True
Let j = -12 - -6. Let o be 10/4 + 320560/(-32). Is o/(-6) - j/(-36) a prime number?
True
Let n = -584011 - -1033862. Is n a prime number?
True
Let q(j) = j + 16. Let y be q(-12). Suppose 10*d - 2*a + 4192 = 14*d, -y*d = 4*a - 4188. Is d a prime number?
True
Let b(i) be the first derivative of i**4/4 + 5*i**3/3 + 3*i**2/2 - 12*i - 25. Let c be b(-4). Is 390*226/16 - 2/c composite?
True
Suppose -g = -0*g - 6. Is 36/54 - ((-16910)/g + 0) prime?
True
Suppose 0 = 31*v - 28*v - 15. Suppose o = v*u - 3*o - 15, -u + 3 = -3*o. Suppose u*f = 2*q - 31, -4*q + 48 = -3*q + 5*f. Is q prime?
True
Suppose -183*q = -198*q + 13485. Suppose -3*c - 2347 = -6451. Let d = c - q. Is d prime?
False
Let j(g) = 23*g**3 + 13*g**2 + 26*g - 3. Let t be j(-3). Let l = -148 - t. Is l prime?
False
Suppose 7*w = 5*w. Suppose 5*z - 2*z - 42 = w. Is (-26)/(-91) + 1774/z prime?
True
Suppose -35*q = 5*f - 34*q - 1663493, 3*f - 998091 = -3*q. Is f a prime number?
True
Let g be 3/16*-4 + (-6)/(-8). Suppose g = -3*i - 2*i + 2140. Suppose 5*b - b + q = i, 102 = b - q. Is b a prime number?
False
Let a(i) = 54*i - 79. Let u = -199 + 212. Is a(u) a prime number?
False
Suppose -8*d - 12223 = -92007 - 22928. Is d a prime number?
False
Let i = 51 - 58. Let g(s) be the third derivative of -7*s**6/120 - 11*s**5/60 - s**4/3 - 17*s**3/6 - 4*s**2. Is g(i) prime?
True
Suppose 0 = 23*b - 47*b + 679704. Is b composite?
True
Suppose -l - 15*g = -11*g + 1075, -2*l - 4*g = 2158. Let x = -526 - l. Is x a composite number?
False
Suppose 11*p = -21*p + 165536. Let s = p - -2644. Is s a prime number?
True
Suppose 21*x - 4882469 = 9*x - 17*x. Is x prime?
False
Suppose -1116 = 6*r - 2*r. Suppose -i = w + 189, 2*i = -5*w + 4*i - 952. Let b = w - r. Is b prime?
True
Is (0/(6 + -3) + 15)*(-185219)/(-69) composite?
True
Let u = 1290201 + -670984. Is u a prime number?
False
Let a(b) = -2*b**3 + 13*b**2 - 8*b + 30. Let v be a(-15). Let k = v + 2132. Is k prime?
False
Let h be 50/275 - (-1075752)/22. Suppose -10*n = -60472 - h. Is n a prime number?
True
Let o be -290*(702/(-30) - 1). Let j = 10166 - o. Let q = j - 1828. Is q a prime number?
False
Let x(f) be the second derivative of -11*f**5/10 + f**3/3 - 15*f. Let i be x(-3). Let o = -199 + i. Is o a prime number?
True
Is -4*(-140)/80 - (1 + -19171) a prime number?
False
Let y(u) = 8*u**2 - 6*u - 1467. Is y(-52) a composite number?
False
Let b(o) = -2113*o - 6. Let j be b(-1). Suppose 0 = 2*l - j - 231. Suppose 0 = -i - 0*i + l. Is i a composite number?
True
Is ((-4006)/(-6))/((0 - 30)/(-8010)) a composite number?
True
Let o(f) be the third derivative of f**6/120 + f**5/30 - f**4/8 - f**3/2 - 8*f**2. Let q be o(-2). Is -1*q/15 - 7784/(-20) composite?
False
Suppose -2*l - 5*z + 6 = -4426, 5*l - 5*z - 11045 = 0. Let d = l + -64. Is d a prime number?
False
Let m(p) = -10*p - 85. Let a be m(-33). Let r = 1134 - a. Is r prime?
False
Let p(t) = 28*t**2 + 62*t - 2339. Is p(36) prime?
False
Let q = 33 + -26. Let x be q/(-4) - 16/64. Is 1*(541 + 2 + x) a prime number?
True
Let w be (2/(-3))/(12/(-2844)). Let i(b) = b - 2. Let y be i(6). Suppose -198 - w = -y*x. Is x a prime number?
True
Suppose -4*r - 236788 = -3*u, 5*u - 394608 = 3*r - 6*r. Suppose 485*f - 479*f - u = 0. Is f a prime number?
False
Suppose 2*r - 5*q - 602074 = 0, -4*q = -40*r + 36*r + 1204124. Is r a prime number?
True
Let k = 74 - 85. Let d = k + 9. Is (191/d)/((-4)/(16/1)) a composite number?
True
Let y(g) = 10*g**2 - 4*g - 19. Let q = -50 + 70. Let n = q - 25. Is y(n) a composite number?
False
Let u(k) = k**3 + 71*k**2 - 1720*k - 211. Is u(-71) composite?
False
Let r(p) = -68693*p - 3557. Is r(-6) composite?
True
Let q(a) = -806*a + 10753. Is q(-93) composite?
False
Let o(y) = -2253*y**3 + 126*y**2 - 14*y - 67. Is o(-6) a prime number?
True
Suppose -216*y + 9103320 = -6452784. Is y a composite number?
False
Let x(i) be the third derivative of 23*i**7/2520 + i**6/720 - 3*i**5/5 + 12*i**2. Let h(o) be the third derivative of x(o). Is h(16) composite?
True
Let o = 49738 - -19431. Is o prime?
False
Let t(w) = 609*w**2 - 21*w - 181. Is t(-6) a prime number?
False
Let j(v) = -v**2 + 5*v - 8. Suppose 5*b = -2*i + 21, i - 3 = 4*b - 4*i. Let n be j(b). Let h(p) = 874*p**2 - 4*p - 5. Is h(n) a prime number?
True
Suppose -2*t - o + 152528 = 0, 5*t - o = 3*t + 152540. Is t a prime number?
False
Let w be